e highest common divisor of 4089 and 87.
87
Calculate the greatest common divisor of 1494 and 54.
18
Calculate the highest common divisor of 9 and 531.
9
What is the highest common divisor of 425 and 255?
85
What is the highest common divisor of 543 and 6?
3
What is the greatest common divisor of 114 and 282?
6
Calculate the greatest common factor of 672 and 21.
21
Calculate the highest common divisor of 234 and 18.
18
Calculate the highest common divisor of 12 and 204.
12
What is the highest common divisor of 2266 and 88?
22
What is the highest common divisor of 224 and 504?
56
What is the highest common divisor of 54 and 150?
6
What is the greatest common divisor of 63 and 36?
9
What is the greatest common factor of 50 and 20?
10
What is the greatest common factor of 1000 and 80?
40
Calculate the highest common divisor of 140 and 16.
4
What is the highest common divisor of 16840 and 40?
40
What is the highest common divisor of 36 and 9?
9
Calculate the greatest common factor of 4063 and 1195.
239
Calculate the highest common divisor of 15 and 114.
3
What is the highest common divisor of 48 and 1424?
16
What is the highest common divisor of 966 and 28?
14
Calculate the greatest common divisor of 875 and 50.
25
What is the greatest common divisor of 850 and 25?
25
What is the highest common divisor of 169 and 650?
13
Calculate the highest common divisor of 1264 and 16.
16
Calculate the highest common divisor of 33 and 121.
11
What is the greatest common factor of 55 and 15?
5
What is the highest common factor of 6 and 300?
6
Calculate the greatest common factor of 609 and 435.
87
What is the greatest common factor of 77 and 451?
11
What is the highest common divisor of 25 and 1325?
25
Calculate the highest common divisor of 10470 and 30.
30
What is the greatest common factor of 103 and 6901?
103
What is the highest common factor of 35 and 30835?
35
What is the greatest common factor of 119 and 14875?
119
What is the greatest common factor of 25 and 5450?
25
Calculate the highest common factor of 36 and 288.
36
What is the greatest common factor of 1 and 137?
1
What is the highest common divisor of 1356 and 204?
12
What is the greatest common factor of 5 and 545?
5
Calculate the highest common factor of 4 and 1396.
4
What is the highest common divisor of 2860 and 440?
220
Calculate the highest common factor of 68 and 9.
1
What is the highest common divisor of 167 and 13861?
167
Calculate the highest common divisor of 15 and 155.
5
Calculate the highest common factor of 275 and 25.
25
Calculate the highest common factor of 3 and 384.
3
Calculate the highest common divisor of 175 and 910.
35
What is the highest common factor of 368 and 207?
23
What is the highest common factor of 31 and 1240?
31
What is the greatest common divisor of 42 and 245?
7
What is the greatest common factor of 1043 and 7?
7
Calculate the highest common divisor of 286 and 52.
26
What is the highest common factor of 7 and 329?
7
Calculate the highest common factor of 1372 and 8.
4
Calculate the greatest common divisor of 98 and 532.
14
Calculate the highest common divisor of 6 and 1546.
2
What is the highest common factor of 21 and 847?
7
What is the highest common divisor of 646 and 34?
34
What is the greatest common factor of 621 and 27?
27
What is the greatest common divisor of 13 and 325?
13
Calculate the greatest common factor of 4556 and 68.
68
What is the highest common factor of 74 and 4699?
37
Calculate the greatest common factor of 814 and 370.
74
What is the greatest common factor of 45 and 5?
5
What is the greatest common factor of 1850 and 2368?
74
What is the highest common divisor of 91 and 1560?
13
Calculate the greatest common divisor of 396 and 180.
36
Calculate the greatest common factor of 705 and 1269.
141
Calculate the highest common divisor of 213 and 142.
71
What is the highest common factor of 845 and 5?
5
What is the greatest common divisor of 4928 and 64?
64
What is the greatest common factor of 176 and 55?
11
Calculate the highest common divisor of 3576 and 24.
24
What is the greatest common factor of 36 and 549?
9
Calculate the greatest common factor of 2528 and 32.
32
What is the highest common factor of 1295 and 70?
35
What is the highest common factor of 190 and 114?
38
Calculate the greatest common divisor of 8140 and 220.
220
What is the greatest common divisor of 110 and 6?
2
What is the greatest common factor of 4 and 1?
1
Calculate the highest common factor of 132 and 88.
44
Calculate the greatest common factor of 21489 and 57.
57
Calculate the highest common divisor of 508 and 4.
4
What is the greatest common divisor of 104 and 56?
8
Calculate the greatest common divisor of 37 and 1.
1
Calculate the highest common divisor of 4656 and 42.
6
What is the greatest common divisor of 56 and 322?
14
Calculate the greatest common divisor of 476 and 56.
28
What is the highest common factor of 36 and 288?
36
Calculate the greatest common factor of 89 and 1.
1
What is the greatest common divisor of 368 and 32?
16
What is the greatest common factor of 217 and 899?
31
What is the greatest common divisor of 1343 and 632?
79
What is the highest common divisor of 30 and 114?
6
What is the greatest common factor of 9 and 1233?
9
Calculate the highest common factor of 3850 and 154.
154
What is the greatest common factor of 162 and 756?
54
What is the highest common divisor of 196 and 21?
7
What is the greatest common divisor of 455 and 4004?
91
What is the greatest common divisor of 64 and 200?
8
What is the highest common divisor of 46 and 575?
23
Calculate the greatest common divisor of 30 and 5625.
15
Calculate the greatest common factor of 125 and 20.
5
What is the greatest common factor of 86 and 215?
43
Calculate the greatest common divisor of 219 and 292.
73
What is the highest common divisor of 192 and 24?
24
What is the greatest common divisor of 22820 and 420?
140
Calculate the greatest common factor of 162 and 30132.
162
Calculate the greatest common divisor of 1008 and 324.
36
What is the greatest common divisor of 526 and 2?
2
What is the highest common divisor of 708 and 12?
12
What is the greatest common factor of 171 and 72?
9
Calculate the greatest common factor of 1581 and 51.
51
Calculate the highest common factor of 180 and 6.
6
What is the highest common factor of 14 and 20?
2
Calculate the greatest common factor of 42 and 924.
42
What is the greatest common divisor of 32 and 184?
8
Calculate the greatest common divisor of 22656 and 36.
12
Calculate the greatest common divisor of 1230 and 1035.
15
Calculate the greatest common factor of 2314 and 26.
26
Calculate the highest common factor of 123 and 3.
3
What is the highest common factor of 384 and 36?
12
What is the greatest common divisor of 21 and 259?
7
What is the highest common factor of 84 and 108?
12
What is the greatest common factor of 715 and 770?
55
What is the greatest common factor of 36 and 54?
18
Calculate the greatest common divisor of 8 and 42.
2
Calculate the greatest common factor of 760 and 1045.
95
Calculate the greatest common divisor of 162 and 432.
54
Calculate the highest common factor of 335 and 65.
5
What is the greatest common divisor of 264 and 3102?
66
Calculate the highest common divisor of 168 and 70.
14
Calculate the highest common divisor of 41 and 11849.
41
What is the highest common divisor of 60 and 450?
30
What is the highest common divisor of 2573 and 664?
83
What is the highest common factor of 93 and 6?
3
What is the greatest common divisor of 114 and 190?
38
Calculate the greatest common factor of 28 and 1106.
14
What is the greatest common divisor of 1740 and 15?
15
What is the greatest common divisor of 55 and 121?
11
Calculate the greatest common divisor of 200 and 850.
50
Calculate the greatest common divisor of 85 and 1105.
85
What is the highest common factor of 19 and 209?
19
What is the highest common factor of 42 and 18?
6
Calculate the highest common divisor of 40 and 1215.
5
Calculate the highest common factor of 46 and 86.
2
Calculate the greatest common divisor of 95 and 57.
19
What is the highest common divisor of 800 and 128?
32
Calculate the highest common factor of 656 and 16.
16
Calculate the highest common divisor of 8